{"id":3945,"date":"2021-06-28T12:31:17","date_gmt":"2021-06-28T11:31:17","guid":{"rendered":"http:\/\/test.dkt-rdc.org\/?page_id=3945"},"modified":"2021-08-05T10:40:07","modified_gmt":"2021-08-05T09:40:07","slug":"nos-dispositifs-intra-uterin","status":"publish","type":"page","link":"https:\/\/dkt-rdc.org\/index.php\/nos-produits\/nos-dispositifs-intra-uterin\/","title":{"rendered":"Nos dispositifs intra uterin"},"content":{"rendered":"\t\t<div data-elementor-type=\"wp-page\" data-elementor-id=\"3945\" class=\"elementor elementor-3945\" data-elementor-settings=\"[]\">\n\t\t\t\t\t\t\t<div class=\"elementor-section-wrap\">\n\t\t\t\t\t        <section class=\"elementor-section elementor-top-section elementor-element elementor-element-a687767 elementor-section-stretched elementor-section-boxed elementor-section-height-default elementor-section-height-default\" data-id=\"a687767\" data-element_type=\"section\" data-settings=\"{&quot;stretch_section&quot;:&quot;section-stretched&quot;}\">\n            \n                        <div class=\"elementor-container elementor-column-gap-default \">\n                    <div class=\"elementor-column elementor-col-50 elementor-top-column elementor-element elementor-element-6574199\" data-id=\"6574199\" data-element_type=\"column\">\n            <div class=\"elementor-widget-wrap elementor-element-populated\">\n                        \t\t<div class=\"elementor-element elementor-element-5d95443 elementor-widget elementor-widget-ct_image\" data-id=\"5d95443\" data-element_type=\"widget\" data-widget_type=\"ct_image.default\">\n\t\t\t\t<div class=\"elementor-widget-container\">\n\t\t\t<div class=\"ct-image-single \" data-wow-duration=\"1.2s\" data-wow-delay=\"ms\">\r\n                        <img decoding=\"async\" width=\"611\" height=\"400\" src=\"https:\/\/dkt-rdc.org\/wp-content\/uploads\/2021\/06\/safe.png\" class=\"attachment-full\" alt=\"\" \/>            <\/div>\t\t<\/div>\n\t\t\t\t<\/div>\n\t\t            <\/div>\n        <\/div>\n                <div class=\"elementor-column elementor-col-50 elementor-top-column elementor-element elementor-element-de2b7a3\" data-id=\"de2b7a3\" data-element_type=\"column\">\n            <div class=\"elementor-widget-wrap elementor-element-populated\">\n                        \t\t<div class=\"elementor-element elementor-element-773bd39 elementor-widget elementor-widget-ct_heading\" data-id=\"773bd39\" data-element_type=\"widget\" data-widget_type=\"ct_heading.default\">\n\t\t\t\t<div class=\"elementor-widget-container\">\n\t\t\t<div class=\"ct-heading ct-heading-dot h-align- \" data-wow-duration=\"1.2s\">\r\n\t\t\t<div class=\"item--sub-title style-default\">\r\n            <span>ALEZE SAFE LOAD TCu 380 A<\/span>\r\n        <\/div>\r\n\t        <h4 class=\"item--title\">\r\n                    <i class=\"dot-shape\">\r\n                <i><\/i>\r\n                <i><\/i>\r\n                <i><\/i>\r\n                <i><\/i>\r\n                <i><\/i>\r\n                <i><\/i>\r\n            <\/i>\r\n                Insertion s\u00e9curis\u00e9e pour 10 ans de protection sans m\u00e9dicaments ni hormones.     <\/h4>\r\n<\/div>\t\t<\/div>\n\t\t\t\t<\/div>\n\t\t\t\t<div class=\"elementor-element elementor-element-7f4f15b elementor-widget elementor-widget-ct_text_editor\" data-id=\"7f4f15b\" data-element_type=\"widget\" data-widget_type=\"ct_text_editor.default\">\n\t\t\t\t<div class=\"elementor-widget-container\">\n\t\t\t<div id=\"ct_text_editor-7f4f15b\" class=\"ct-text-editor \">\n\t<div class=\"ct-inline-css\"  data-css=\"\n        \">\n    <\/div>\n\t<div class=\"ct-text-editor elementor-clearfix\"><p>Le Aleze Safe Load TCu 380A est un dispositif intra-ut\u00e9rin (DIU) au cuivre indiqu\u00e9 dans la contraception chez les femmes unipares (n\u2019ayant qu\u2019un enfant) ou multipares (ayant plusieurs enfants). Pr\u00eat \u00e0 l\u2019emploi, le DIU Aleze est d\u00e9j\u00e0 charg\u00e9 dans un syst\u00e8me d\u2019insertion rapide et facile (technique de chargement du dispositif aseptique s\u00e9curis\u00e9e). Efficace et approuv\u00e9 par l\u2019OMS, le DIU Aleze Safe Load TCu 380A vous offre jusqu\u2019\u00e0 10 ans de pr\u00e9vention contre la grossesse, avec un retour \u00e0 la f\u00e9condit\u00e9 imm\u00e9diat apr\u00e8s retrait du dispositif.<\/p><\/div>\n<\/div>\t\t<\/div>\n\t\t\t\t<\/div>\n\t\t            <\/div>\n        <\/div>\n                            <\/div>\n        <\/section>\n                <section class=\"elementor-section elementor-top-section elementor-element elementor-element-f5f9908 elementor-section-stretched elementor-section-boxed elementor-section-height-default elementor-section-height-default\" data-id=\"f5f9908\" data-element_type=\"section\" data-settings=\"{&quot;stretch_section&quot;:&quot;section-stretched&quot;,&quot;background_background&quot;:&quot;classic&quot;}\">\n            \n                        <div class=\"elementor-container elementor-column-gap-default \">\n                    <div class=\"elementor-column elementor-col-50 elementor-top-column elementor-element elementor-element-1efd702\" data-id=\"1efd702\" data-element_type=\"column\">\n            <div class=\"elementor-widget-wrap elementor-element-populated\">\n                        \t\t<div class=\"elementor-element elementor-element-92426d8 elementor-widget elementor-widget-ct_heading\" data-id=\"92426d8\" data-element_type=\"widget\" data-widget_type=\"ct_heading.default\">\n\t\t\t\t<div class=\"elementor-widget-container\">\n\t\t\t<div class=\"ct-heading ct-heading-dot h-align- \" data-wow-duration=\"1.2s\">\r\n\t\t\t<div class=\"item--sub-title style-default\">\r\n            <span>DIU Postpartum TCu 380 A (PPIUDs)<\/span>\r\n        <\/div>\r\n\t        <h4 class=\"item--title\">\r\n                    <i class=\"dot-shape\">\r\n                <i><\/i>\r\n                <i><\/i>\r\n                <i><\/i>\r\n                <i><\/i>\r\n                <i><\/i>\r\n                <i><\/i>\r\n            <\/i>\r\n                Le bon reflexe imm\u00e9diat apr\u00e8s l'accouchement, pour 10 ans de protection.     <\/h4>\r\n<\/div>\t\t<\/div>\n\t\t\t\t<\/div>\n\t\t\t\t<div class=\"elementor-element elementor-element-50a08b1 elementor-widget elementor-widget-ct_text_editor\" data-id=\"50a08b1\" data-element_type=\"widget\" data-widget_type=\"ct_text_editor.default\">\n\t\t\t\t<div class=\"elementor-widget-container\">\n\t\t\t<div id=\"ct_text_editor-50a08b1\" class=\"ct-text-editor \">\n\t<div class=\"ct-inline-css\"  data-css=\"\n        \">\n    <\/div>\n\t<div class=\"ct-text-editor elementor-clearfix\"><p>Avec un dispositif d&#8217;insertion plus long (345 mm \u00e0 355 mm) pour s&#8217;adapter \u00e0 l&#8217;ut\u00e9rus post-partum ainsi qu\u2019un fil de suture \u00e9galement plus long (380 mm \u00e0 400 mm) permettant de v\u00e9rifier plus facilement que le DIU est en place, le PPIUD TCu 380A est id\u00e9al pour les femmes venant d\u2019accoucher. Il peut \u00eatre ins\u00e9r\u00e9 dans les 48 heures apr\u00e8s accouchement. Cela garantit une s\u00e9curit\u00e9 totale. Ainsi, la femme n&#8217;a pas \u00e0 attendre plus longtemps pour obtenir une m\u00e9thode contraceptive. Approuv\u00e9 par l\u2019OMS, ce DIU n&#8217;interf\u00e8re pas avec la qualit\u00e9 du lait maternel et offre jusqu&#8217;\u00e0 10 ans de pr\u00e9vention avec un retour \u00e0 la f\u00e9condit\u00e9 imm\u00e9diat apr\u00e8s retrait du dispositif.<\/p><\/div>\n<\/div>\t\t<\/div>\n\t\t\t\t<\/div>\n\t\t            <\/div>\n        <\/div>\n                <div class=\"elementor-column elementor-col-50 elementor-top-column elementor-element elementor-element-4c619b4\" data-id=\"4c619b4\" data-element_type=\"column\">\n            <div class=\"elementor-widget-wrap elementor-element-populated\">\n                        \t\t<div class=\"elementor-element elementor-element-1dca95b elementor-widget elementor-widget-ct_image\" data-id=\"1dca95b\" data-element_type=\"widget\" data-widget_type=\"ct_image.default\">\n\t\t\t\t<div class=\"elementor-widget-container\">\n\t\t\t<div class=\"ct-image-single wow wobble\" data-wow-duration=\"1.2s\" data-wow-delay=\"ms\">\r\n                        <img decoding=\"async\" width=\"741\" height=\"569\" src=\"https:\/\/dkt-rdc.org\/wp-content\/uploads\/2021\/06\/pp.png\" class=\"attachment-full\" alt=\"\" \/>            <\/div>\t\t<\/div>\n\t\t\t\t<\/div>\n\t\t            <\/div>\n        <\/div>\n                            <\/div>\n        <\/section>\n                <section class=\"elementor-section elementor-top-section elementor-element elementor-element-63ce2b3 elementor-section-boxed elementor-section-height-default elementor-section-height-default\" data-id=\"63ce2b3\" data-element_type=\"section\">\n            \n                        <div class=\"elementor-container elementor-column-gap-default \">\n                    <div class=\"elementor-column elementor-col-100 elementor-top-column elementor-element elementor-element-e4d7f43\" data-id=\"e4d7f43\" data-element_type=\"column\">\n            <div class=\"elementor-widget-wrap elementor-element-populated\">\n                        \t\t<div class=\"elementor-element elementor-element-bc973e7 elementor-widget elementor-widget-ct_heading\" data-id=\"bc973e7\" data-element_type=\"widget\" data-widget_type=\"ct_heading.default\">\n\t\t\t\t<div class=\"elementor-widget-container\">\n\t\t\t<div class=\"ct-heading ct-heading-dot h-align- \" data-wow-duration=\"1.2s\">\r\n\t        <h4 class=\"item--title\">\r\n                    <i class=\"dot-shape\">\r\n                <i><\/i>\r\n                <i><\/i>\r\n                <i><\/i>\r\n                <i><\/i>\r\n                <i><\/i>\r\n                <i><\/i>\r\n            <\/i>\r\n                Comment fonctionne le Dispositif Intra Ut\u00e9rin (DIU) ?     <\/h4>\r\n<\/div>\t\t<\/div>\n\t\t\t\t<\/div>\n\t\t\t\t<div class=\"elementor-element elementor-element-3bbd14c elementor-aspect-ratio-169 elementor-widget elementor-widget-video\" data-id=\"3bbd14c\" data-element_type=\"widget\" data-settings=\"{&quot;youtube_url&quot;:&quot;https:\\\/\\\/www.youtube.com\\\/watch?v=monTpEefKQg&quot;,&quot;video_type&quot;:&quot;youtube&quot;,&quot;controls&quot;:&quot;yes&quot;,&quot;aspect_ratio&quot;:&quot;169&quot;}\" data-widget_type=\"video.default\">\n\t\t\t\t<div class=\"elementor-widget-container\">\n\t\t\t\t\t<div class=\"elementor-wrapper elementor-fit-aspect-ratio elementor-open-inline\">\n\t\t\t<div class=\"elementor-video\"><\/div>\t\t<\/div>\n\t\t\t\t<\/div>\n\t\t\t\t<\/div>\n\t\t            <\/div>\n        <\/div>\n                            <\/div>\n        <\/section>\n        \t\t\t\t<\/div>\n\t\t\t\t\t<\/div>\n\t\t","protected":false},"excerpt":{"rendered":"<p>ALEZE SAFE LOAD TCu 380 A Insertion s\u00e9curis\u00e9e pour 10 ans de protection sans m\u00e9dicaments ni hormones. Le Aleze Safe Load TCu 380A est un dispositif intra-ut\u00e9rin (DIU) au cuivre indiqu\u00e9 dans la contraception chez les femmes unipares (n\u2019ayant qu\u2019un enfant) ou multipares (ayant plusieurs enfants). Pr\u00eat \u00e0 l\u2019emploi, le DIU Aleze est d\u00e9j\u00e0 charg\u00e9 [&hellip;]<\/p>\n","protected":false},"author":1,"featured_media":0,"parent":3828,"menu_order":0,"comment_status":"closed","ping_status":"closed","template":"","meta":{"footnotes":""},"class_list":["post-3945","page","type-page","status-publish","hentry"],"_links":{"self":[{"href":"https:\/\/dkt-rdc.org\/index.php\/wp-json\/wp\/v2\/pages\/3945","targetHints":{"allow":["GET"]}}],"collection":[{"href":"https:\/\/dkt-rdc.org\/index.php\/wp-json\/wp\/v2\/pages"}],"about":[{"href":"https:\/\/dkt-rdc.org\/index.php\/wp-json\/wp\/v2\/types\/page"}],"author":[{"embeddable":true,"href":"https:\/\/dkt-rdc.org\/index.php\/wp-json\/wp\/v2\/users\/1"}],"replies":[{"embeddable":true,"href":"https:\/\/dkt-rdc.org\/index.php\/wp-json\/wp\/v2\/comments?post=3945"}],"version-history":[{"count":11,"href":"https:\/\/dkt-rdc.org\/index.php\/wp-json\/wp\/v2\/pages\/3945\/revisions"}],"predecessor-version":[{"id":5326,"href":"https:\/\/dkt-rdc.org\/index.php\/wp-json\/wp\/v2\/pages\/3945\/revisions\/5326"}],"up":[{"embeddable":true,"href":"https:\/\/dkt-rdc.org\/index.php\/wp-json\/wp\/v2\/pages\/3828"}],"wp:attachment":[{"href":"https:\/\/dkt-rdc.org\/index.php\/wp-json\/wp\/v2\/media?parent=3945"}],"curies":[{"name":"wp","href":"https:\/\/api.w.org\/{rel}","templated":true}]}}