{"id":3828,"date":"2021-06-09T10:31:14","date_gmt":"2021-06-09T09:31:14","guid":{"rendered":"http:\/\/test.dkt-rdc.org\/?page_id=3828"},"modified":"2021-08-05T10:24:21","modified_gmt":"2021-08-05T09:24:21","slug":"nos-produits","status":"publish","type":"page","link":"https:\/\/dkt-rdc.org\/index.php\/nos-produits\/","title":{"rendered":"Nos produits"},"content":{"rendered":"\t\t<div data-elementor-type=\"wp-page\" data-elementor-id=\"3828\" class=\"elementor elementor-3828\" data-elementor-settings=\"[]\">\n\t\t\t\t\t\t\t<div class=\"elementor-section-wrap\">\n\t\t\t\t\t        <section class=\"elementor-section elementor-top-section elementor-element elementor-element-d14e79a elementor-section-stretched elementor-section-boxed elementor-section-height-default elementor-section-height-default\" data-id=\"d14e79a\" data-element_type=\"section\" data-settings=\"{&quot;stretch_section&quot;:&quot;section-stretched&quot;}\">\n            \n                        <div class=\"elementor-container elementor-column-gap-default \">\n                    <div class=\"elementor-column elementor-col-50 elementor-top-column elementor-element elementor-element-157ba9e\" data-id=\"157ba9e\" data-element_type=\"column\">\n            <div class=\"elementor-widget-wrap elementor-element-populated\">\n                        \t\t<div class=\"elementor-element elementor-element-51d45f7 elementor-widget elementor-widget-ct_image\" data-id=\"51d45f7\" data-element_type=\"widget\" data-widget_type=\"ct_image.default\">\n\t\t\t\t<div class=\"elementor-widget-container\">\n\t\t\t<div class=\"ct-image-single \" data-wow-duration=\"1.2s\" data-wow-delay=\"ms\">\r\n                        <img decoding=\"async\" width=\"591\" height=\"500\" src=\"https:\/\/dkt-rdc.org\/wp-content\/uploads\/2021\/06\/condoms.png\" class=\"attachment-full\" alt=\"\" \/>            <\/div>\t\t<\/div>\n\t\t\t\t<\/div>\n\t\t            <\/div>\n        <\/div>\n                <div class=\"elementor-column elementor-col-50 elementor-top-column elementor-element elementor-element-fa33287\" data-id=\"fa33287\" data-element_type=\"column\">\n            <div class=\"elementor-widget-wrap elementor-element-populated\">\n                        \t\t<div class=\"elementor-element elementor-element-47507f7 elementor-widget elementor-widget-ct_heading\" data-id=\"47507f7\" data-element_type=\"widget\" data-widget_type=\"ct_heading.default\">\n\t\t\t\t<div class=\"elementor-widget-container\">\n\t\t\t<div class=\"ct-heading ct-heading-dot h-align- \" data-wow-duration=\"1.2s\">\r\n\t\t\t<div class=\"item--sub-title style-default\">\r\n            <span>NOS PRESERVATIFS<\/span>\r\n        <\/div>\r\n\t        <h4 class=\"item--title\">\r\n                    <i class=\"dot-shape\">\r\n                <i><\/i>\r\n                <i><\/i>\r\n                <i><\/i>\r\n                <i><\/i>\r\n                <i><\/i>\r\n                <i><\/i>\r\n            <\/i>\r\n                Le pr\u00e9servatif reste \u00e0 ce jour la seul m\u00e9thode qui vous prot\u00e8ge contre les IST et le VIH.    <\/h4>\r\n<\/div>\t\t<\/div>\n\t\t\t\t<\/div>\n\t\t\t\t<div class=\"elementor-element elementor-element-fac5b89 elementor-widget elementor-widget-ct_text_editor\" data-id=\"fac5b89\" data-element_type=\"widget\" data-widget_type=\"ct_text_editor.default\">\n\t\t\t\t<div class=\"elementor-widget-container\">\n\t\t\t<div id=\"ct_text_editor-fac5b89\" class=\"ct-text-editor \">\n\t<div class=\"ct-inline-css\"  data-css=\"\n        \">\n    <\/div>\n\t<div class=\"ct-text-editor elementor-clearfix\"><p>DKT met \u00e0 votre disposition deux marques pr\u00e9servatifs: la marque\u00a0 OK CONDOMS avec ses variantes 6 couleurs 6 plaisirs qui vous offrent des saveurs et des parfums agr\u00e9ables pour \u00e9gayer vos \u00e9bats amoureux; et la marque de pr\u00e9servatif CHIC CONDOMS qui vous offre une protection de qualit\u00e9 \u00e0 un co\u00fbt qui fr\u00f4le la gratuit\u00e9.<\/p><p>Tous nos pr\u00e9servatifs sont en latex de qualit\u00e9 premium, ils sont faciles \u00e0 utiliser et vous assure une protection efficace. A vous de trouver celui qui vous convient le mieux!<\/p><p><a href=\"https:\/\/dkt-rdc.org\/index.php\/nos-produits\/nos-preservatifs\/\" target=\"_blank\" rel=\"noopener\"><b>D\u00e9couvrez nos marques de pr\u00e9servatif<\/b><\/a><\/p><\/div>\n<\/div>\t\t<\/div>\n\t\t\t\t<\/div>\n\t\t            <\/div>\n        <\/div>\n                            <\/div>\n        <\/section>\n                <section class=\"elementor-section elementor-top-section elementor-element elementor-element-da3ebef elementor-section-stretched elementor-section-boxed elementor-section-height-default elementor-section-height-default\" data-id=\"da3ebef\" data-element_type=\"section\" data-settings=\"{&quot;background_background&quot;:&quot;classic&quot;,&quot;stretch_section&quot;:&quot;section-stretched&quot;}\">\n            \n                        <div class=\"elementor-container elementor-column-gap-default \">\n                    <div class=\"elementor-column elementor-col-50 elementor-top-column elementor-element elementor-element-3aeac31\" data-id=\"3aeac31\" data-element_type=\"column\">\n            <div class=\"elementor-widget-wrap elementor-element-populated\">\n                        \t\t<div class=\"elementor-element elementor-element-3eb506f elementor-widget elementor-widget-ct_heading\" data-id=\"3eb506f\" data-element_type=\"widget\" data-widget_type=\"ct_heading.default\">\n\t\t\t\t<div class=\"elementor-widget-container\">\n\t\t\t<div class=\"ct-heading ct-heading-dot h-align- \" data-wow-duration=\"1.2s\">\r\n\t\t\t<div class=\"item--sub-title style-default\">\r\n            <span>NOS PILULES<\/span>\r\n        <\/div>\r\n\t        <h4 class=\"item--title\">\r\n                    <i class=\"dot-shape\">\r\n                <i><\/i>\r\n                <i><\/i>\r\n                <i><\/i>\r\n                <i><\/i>\r\n                <i><\/i>\r\n                <i><\/i>\r\n            <\/i>\r\n                Que ce soit votre protection journali\u00e8re ou votre deuxi\u00e8me chance pour \u00e9viter une grossesse.     <\/h4>\r\n<\/div>\t\t<\/div>\n\t\t\t\t<\/div>\n\t\t\t\t<div class=\"elementor-element elementor-element-4bb7623 elementor-widget elementor-widget-ct_text_editor\" data-id=\"4bb7623\" data-element_type=\"widget\" data-widget_type=\"ct_text_editor.default\">\n\t\t\t\t<div class=\"elementor-widget-container\">\n\t\t\t<div id=\"ct_text_editor-4bb7623\" class=\"ct-text-editor \">\n\t<div class=\"ct-inline-css\"  data-css=\"\n        \">\n    <\/div>\n\t<div class=\"ct-text-editor elementor-clearfix\"><p>La pilule est un comprim\u00e9 buvable qui emp\u00eache la grossesse en lib\u00e9rant des hormones qui emp\u00eachent la lib\u00e9ration des ovules par les ovaires.<\/p><p>Nous fournissons deux types de pilule sous la marque ALEZE: la pilule quotidienne (ou pilule Orale Combin\u00e9e) Aleze de 28 comprim\u00e9s, \u00e0 prendre tous les jours pour vous prot\u00e9ger des grossesses non d\u00e9sir\u00e9es, et la pilule d&#8217;urgence Aleze EC (Emergency Contraceptive) qui se prend dans les 72 heures apr\u00e8s un rapport sexuel non ou mal prot\u00e9g\u00e9.<\/p><p><a href=\"https:\/\/dkt-rdc.org\/index.php\/nos-produits\/nos-pilules\/\" target=\"_blank\" rel=\"noopener\"><b>D\u00e9couvrez nos pilules<\/b><\/a><\/p><\/div>\n<\/div>\t\t<\/div>\n\t\t\t\t<\/div>\n\t\t            <\/div>\n        <\/div>\n                <div class=\"elementor-column elementor-col-50 elementor-top-column elementor-element elementor-element-79e08d3\" data-id=\"79e08d3\" data-element_type=\"column\">\n            <div class=\"elementor-widget-wrap elementor-element-populated\">\n                        \t\t<div class=\"elementor-element elementor-element-482c3b5 elementor-widget elementor-widget-ct_image\" data-id=\"482c3b5\" data-element_type=\"widget\" data-widget_type=\"ct_image.default\">\n\t\t\t\t<div class=\"elementor-widget-container\">\n\t\t\t<div class=\"ct-image-single \" data-wow-duration=\"1.2s\" data-wow-delay=\"ms\">\r\n                        <img decoding=\"async\" width=\"603\" height=\"500\" src=\"https:\/\/dkt-rdc.org\/wp-content\/uploads\/2021\/06\/pills.png\" class=\"attachment-full\" alt=\"\" \/>            <\/div>\t\t<\/div>\n\t\t\t\t<\/div>\n\t\t            <\/div>\n        <\/div>\n                            <\/div>\n        <\/section>\n                <section class=\"elementor-section elementor-top-section elementor-element elementor-element-f26e31a elementor-section-stretched elementor-section-boxed elementor-section-height-default elementor-section-height-default\" data-id=\"f26e31a\" data-element_type=\"section\" data-settings=\"{&quot;stretch_section&quot;:&quot;section-stretched&quot;}\">\n            \n                        <div class=\"elementor-container elementor-column-gap-default \">\n                    <div class=\"elementor-column elementor-col-50 elementor-top-column elementor-element elementor-element-3ff749a\" data-id=\"3ff749a\" data-element_type=\"column\">\n            <div class=\"elementor-widget-wrap elementor-element-populated\">\n                        \t\t<div class=\"elementor-element elementor-element-6b44228 elementor-widget elementor-widget-ct_image\" data-id=\"6b44228\" data-element_type=\"widget\" data-widget_type=\"ct_image.default\">\n\t\t\t\t<div class=\"elementor-widget-container\">\n\t\t\t<div class=\"ct-image-single \" data-wow-duration=\"1.2s\" data-wow-delay=\"ms\">\r\n                        <img decoding=\"async\" width=\"585\" height=\"500\" src=\"https:\/\/dkt-rdc.org\/wp-content\/uploads\/2021\/06\/injections.png\" class=\"attachment-full\" alt=\"\" \/>            <\/div>\t\t<\/div>\n\t\t\t\t<\/div>\n\t\t            <\/div>\n        <\/div>\n                <div class=\"elementor-column elementor-col-50 elementor-top-column elementor-element elementor-element-12d0f7b\" data-id=\"12d0f7b\" data-element_type=\"column\">\n            <div class=\"elementor-widget-wrap elementor-element-populated\">\n                        \t\t<div class=\"elementor-element elementor-element-009535c elementor-widget elementor-widget-ct_heading\" data-id=\"009535c\" data-element_type=\"widget\" data-widget_type=\"ct_heading.default\">\n\t\t\t\t<div class=\"elementor-widget-container\">\n\t\t\t<div class=\"ct-heading ct-heading-dot h-align- \" data-wow-duration=\"1.2s\">\r\n\t\t\t<div class=\"item--sub-title style-default\">\r\n            <span>NOS INJECTABLES<\/span>\r\n        <\/div>\r\n\t        <h4 class=\"item--title\">\r\n                    <i class=\"dot-shape\">\r\n                <i><\/i>\r\n                <i><\/i>\r\n                <i><\/i>\r\n                <i><\/i>\r\n                <i><\/i>\r\n                <i><\/i>\r\n            <\/i>\r\n                3 mois de protection s\u00fbre par un geste simple, indolore et sans risque d'infection.     <\/h4>\r\n<\/div>\t\t<\/div>\n\t\t\t\t<\/div>\n\t\t\t\t<div class=\"elementor-element elementor-element-56905b7 elementor-widget elementor-widget-ct_text_editor\" data-id=\"56905b7\" data-element_type=\"widget\" data-widget_type=\"ct_text_editor.default\">\n\t\t\t\t<div class=\"elementor-widget-container\">\n\t\t\t<div id=\"ct_text_editor-56905b7\" class=\"ct-text-editor \">\n\t<div class=\"ct-inline-css\"  data-css=\"\n        \">\n    <\/div>\n\t<div class=\"ct-text-editor elementor-clearfix\"><p>Les contraceptifs injectables sont utilis\u00e9s par voie parent\u00e9rale (par injection) et agissent principalement en emp\u00eachant l&#8217;ovulation. L&#8217;application se fait dans le bras, la fesse, la cuisse ou l&#8217;abdomen selon le type d&#8217;injectable.<\/p><p>DKT offre deux types de contraceptifs injectables: le Depo-Provera ou DMPA et le DMPA-SC (sous cutan\u00e9). Nos contraceptifs injectables vous offrent 3 mois de protection \u00e0 renouveler \u00e0 la fin de chaque cycle de 3 mois si vous voulez continuer de b\u00e9n\u00e9ficier de sa protection.<\/p><p>Si vous \u00eates partag\u00e9 entre le choix d&#8217;un contraceptif \u00e0 courte dur\u00e9e ou tr\u00e8s longue dur\u00e9e cette m\u00e9thode est l\u00e0 pour vous.<\/p><p><a href=\"https:\/\/dkt-rdc.org\/index.php\/nos-produits\/nos-injectables\/\" target=\"_blank\" rel=\"noopener\"><b>D\u00e9couvrez nos injectables<\/b><\/a><\/p><\/div>\n<\/div>\t\t<\/div>\n\t\t\t\t<\/div>\n\t\t            <\/div>\n        <\/div>\n                            <\/div>\n        <\/section>\n                <section class=\"elementor-section elementor-top-section elementor-element elementor-element-be20ff6 elementor-section-stretched elementor-section-boxed elementor-section-height-default elementor-section-height-default\" data-id=\"be20ff6\" data-element_type=\"section\" data-settings=\"{&quot;background_background&quot;:&quot;classic&quot;,&quot;stretch_section&quot;:&quot;section-stretched&quot;}\">\n            \n                        <div class=\"elementor-container elementor-column-gap-default \">\n                    <div class=\"elementor-column elementor-col-50 elementor-top-column elementor-element elementor-element-c3c630a\" data-id=\"c3c630a\" data-element_type=\"column\">\n            <div class=\"elementor-widget-wrap elementor-element-populated\">\n                        \t\t<div class=\"elementor-element elementor-element-9742b7d elementor-widget elementor-widget-ct_heading\" data-id=\"9742b7d\" data-element_type=\"widget\" data-widget_type=\"ct_heading.default\">\n\t\t\t\t<div class=\"elementor-widget-container\">\n\t\t\t<div class=\"ct-heading ct-heading-dot h-align- \" data-wow-duration=\"1.2s\">\r\n\t\t\t<div class=\"item--sub-title style-default\">\r\n            <span>NOS IMPLANTS<\/span>\r\n        <\/div>\r\n\t        <h4 class=\"item--title\">\r\n                    <i class=\"dot-shape\">\r\n                <i><\/i>\r\n                <i><\/i>\r\n                <i><\/i>\r\n                <i><\/i>\r\n                <i><\/i>\r\n                <i><\/i>\r\n            <\/i>\r\n                De 3 \u00e0 5 ans de repos en un seul geste.     <\/h4>\r\n<\/div>\t\t<\/div>\n\t\t\t\t<\/div>\n\t\t\t\t<div class=\"elementor-element elementor-element-7fb2865 elementor-widget elementor-widget-ct_text_editor\" data-id=\"7fb2865\" data-element_type=\"widget\" data-widget_type=\"ct_text_editor.default\">\n\t\t\t\t<div class=\"elementor-widget-container\">\n\t\t\t<div id=\"ct_text_editor-7fb2865\" class=\"ct-text-editor \">\n\t<div class=\"ct-inline-css\"  data-css=\"\n        \">\n    <\/div>\n\t<div class=\"ct-text-editor elementor-clearfix\"><p>L&#8217;implant contraceptif est un petit b\u00e2tonnet mou de la taille d&#8217;une allumette, plac\u00e9 sous la peau du bras le moins utilis\u00e9. Il contient une hormone appel\u00e9e progest\u00e9rone, diffus\u00e9e lentement et progressivement dans le sang pour emp\u00eacher une grossesse. Nous fournissons 3 marques d&#8217;implants.<\/p><p><a href=\"https:\/\/dkt-rdc.org\/index.php\/nos-produits\/nos-implants\/\" target=\"_blank\" rel=\"noopener\"><b>D\u00e9couvrez nos diff\u00e9rentes marques d&#8217;implants<\/b><\/a><\/p><\/div>\n<\/div>\t\t<\/div>\n\t\t\t\t<\/div>\n\t\t            <\/div>\n        <\/div>\n                <div class=\"elementor-column elementor-col-50 elementor-top-column elementor-element elementor-element-2c07818\" data-id=\"2c07818\" data-element_type=\"column\">\n            <div class=\"elementor-widget-wrap elementor-element-populated\">\n                        \t\t<div class=\"elementor-element elementor-element-199df29 elementor-widget elementor-widget-ct_image\" data-id=\"199df29\" data-element_type=\"widget\" data-widget_type=\"ct_image.default\">\n\t\t\t\t<div class=\"elementor-widget-container\">\n\t\t\t<div class=\"ct-image-single \" data-wow-duration=\"1.2s\" data-wow-delay=\"ms\">\r\n                        <img decoding=\"async\" width=\"597\" height=\"500\" src=\"https:\/\/dkt-rdc.org\/wp-content\/uploads\/2021\/06\/implants.png\" class=\"attachment-full\" alt=\"\" \/>            <\/div>\t\t<\/div>\n\t\t\t\t<\/div>\n\t\t            <\/div>\n        <\/div>\n                            <\/div>\n        <\/section>\n                <section class=\"elementor-section elementor-top-section elementor-element elementor-element-cd3958e elementor-section-stretched elementor-section-boxed elementor-section-height-default elementor-section-height-default\" data-id=\"cd3958e\" data-element_type=\"section\" data-settings=\"{&quot;stretch_section&quot;:&quot;section-stretched&quot;}\">\n            \n                        <div class=\"elementor-container elementor-column-gap-default \">\n                    <div class=\"elementor-column elementor-col-50 elementor-top-column elementor-element elementor-element-99b29db\" data-id=\"99b29db\" data-element_type=\"column\">\n            <div class=\"elementor-widget-wrap elementor-element-populated\">\n                        \t\t<div class=\"elementor-element elementor-element-6dcfe67 elementor-widget elementor-widget-ct_image\" data-id=\"6dcfe67\" data-element_type=\"widget\" data-widget_type=\"ct_image.default\">\n\t\t\t\t<div class=\"elementor-widget-container\">\n\t\t\t<div class=\"ct-image-single \" data-wow-duration=\"1.2s\" data-wow-delay=\"ms\">\r\n                        <img decoding=\"async\" width=\"593\" height=\"500\" src=\"https:\/\/dkt-rdc.org\/wp-content\/uploads\/2021\/06\/diu.png\" class=\"attachment-full\" alt=\"\" \/>            <\/div>\t\t<\/div>\n\t\t\t\t<\/div>\n\t\t            <\/div>\n        <\/div>\n                <div class=\"elementor-column elementor-col-50 elementor-top-column elementor-element elementor-element-7295550\" data-id=\"7295550\" data-element_type=\"column\">\n            <div class=\"elementor-widget-wrap elementor-element-populated\">\n                        \t\t<div class=\"elementor-element elementor-element-2fb2f86 elementor-widget elementor-widget-ct_heading\" data-id=\"2fb2f86\" data-element_type=\"widget\" data-widget_type=\"ct_heading.default\">\n\t\t\t\t<div class=\"elementor-widget-container\">\n\t\t\t<div class=\"ct-heading ct-heading-dot h-align- \" data-wow-duration=\"1.2s\">\r\n\t\t\t<div class=\"item--sub-title style-default\">\r\n            <span>NOS DISPOSITIFS INTRA UTERIN<\/span>\r\n        <\/div>\r\n\t        <h4 class=\"item--title\">\r\n                    <i class=\"dot-shape\">\r\n                <i><\/i>\r\n                <i><\/i>\r\n                <i><\/i>\r\n                <i><\/i>\r\n                <i><\/i>\r\n                <i><\/i>\r\n            <\/i>\r\n                Insertion s\u00e9curis\u00e9e pour 10 ans de protection sans m\u00e9dicaments ni hormones    <\/h4>\r\n<\/div>\t\t<\/div>\n\t\t\t\t<\/div>\n\t\t\t\t<div class=\"elementor-element elementor-element-8000b1b elementor-widget elementor-widget-ct_text_editor\" data-id=\"8000b1b\" data-element_type=\"widget\" data-widget_type=\"ct_text_editor.default\">\n\t\t\t\t<div class=\"elementor-widget-container\">\n\t\t\t<div id=\"ct_text_editor-8000b1b\" class=\"ct-text-editor \">\n\t<div class=\"ct-inline-css\"  data-css=\"\n        \">\n    <\/div>\n\t<div class=\"ct-text-editor elementor-clearfix\"><p>Nous fournissons 2 marques de dispositif intra ut\u00e9rin : le Safe load TCu 380 A (destin\u00e9e \u00e0 toutes les femmes) et le DIU Postpartum TCu 380 A (PPIUDs) (id\u00e9al pour les femmes qui viennent d&#8217;accoucher).<\/p><p>Nos dispositifs intra ut\u00e9rin sont sans hormones.<\/p><p><a href=\"https:\/\/dkt-rdc.org\/index.php\/nos-produits\/nos-dispositifs-intra-uterin\/\" target=\"_blank\" rel=\"noopener\"><b>D\u00e9couvrez nos dispositifs intra ut\u00e9rin<\/b><\/a><\/p><\/div>\n<\/div>\t\t<\/div>\n\t\t\t\t<\/div>\n\t\t            <\/div>\n        <\/div>\n                            <\/div>\n        <\/section>\n                <section class=\"elementor-section elementor-top-section elementor-element elementor-element-1e87f66 elementor-section-stretched elementor-section-boxed elementor-section-height-default elementor-section-height-default\" data-id=\"1e87f66\" data-element_type=\"section\" data-settings=\"{&quot;background_background&quot;:&quot;classic&quot;,&quot;stretch_section&quot;:&quot;section-stretched&quot;}\">\n            \n                        <div class=\"elementor-container elementor-column-gap-default \">\n                    <div class=\"elementor-column elementor-col-50 elementor-top-column elementor-element elementor-element-4223b5f\" data-id=\"4223b5f\" data-element_type=\"column\">\n            <div class=\"elementor-widget-wrap elementor-element-populated\">\n                        \t\t<div class=\"elementor-element elementor-element-fcc8b54 elementor-widget elementor-widget-ct_heading\" data-id=\"fcc8b54\" data-element_type=\"widget\" data-widget_type=\"ct_heading.default\">\n\t\t\t\t<div class=\"elementor-widget-container\">\n\t\t\t<div class=\"ct-heading ct-heading-dot h-align- \" data-wow-duration=\"1.2s\">\r\n\t\t\t<div class=\"item--sub-title style-default\">\r\n            <span>SOINS COMPLETS D&#039;AVORTEMENT<\/span>\r\n        <\/div>\r\n\t        <h4 class=\"item--title\">\r\n                    <i class=\"dot-shape\">\r\n                <i><\/i>\r\n                <i><\/i>\r\n                <i><\/i>\r\n                <i><\/i>\r\n                <i><\/i>\r\n                <i><\/i>\r\n            <\/i>\r\n                Nos alternatives s\u00e9curis\u00e9es au curetage et aux autres techniques d'avortement \u00e0 risque.    <\/h4>\r\n<\/div>\t\t<\/div>\n\t\t\t\t<\/div>\n\t\t\t\t<div class=\"elementor-element elementor-element-e79bd8b elementor-widget elementor-widget-ct_text_editor\" data-id=\"e79bd8b\" data-element_type=\"widget\" data-widget_type=\"ct_text_editor.default\">\n\t\t\t\t<div class=\"elementor-widget-container\">\n\t\t\t<div id=\"ct_text_editor-e79bd8b\" class=\"ct-text-editor \">\n\t<div class=\"ct-inline-css\"  data-css=\"\n        \">\n    <\/div>\n\t<div class=\"ct-text-editor elementor-clearfix\"><p>L&#8217;avortement est l&#8217;une des principales causes de d\u00e9c\u00e8s chez les femmes en RDC, se classant troisi\u00e8me apr\u00e8s les h\u00e9morragies et les infections du post-partum. Ainsi, DKT\u00a0 met \u00e0 la disposition des prestataires de sant\u00e9 des m\u00e9thodes de soins apr\u00e8s avortement (SAA) et des soins complets d&#8217;avortement (SCA) efficaces, plus s\u00fbres et plus saines, recommand\u00e9es et reconnues par l&#8217;OMS.<\/p><p>Ces produits ne sont disponibles que sur ordonnance et n\u00e9cessite une consultation m\u00e9dicale.<\/p><p><a href=\"https:\/\/dkt-rdc.org\/index.php\/nos-produits\/nos-alternatives-au-curetage\/\" target=\"_blank\" rel=\"noopener\"><b>D\u00e9couvrez nos produits SAA et SCA<\/b><\/a><\/p><\/div>\n<\/div>\t\t<\/div>\n\t\t\t\t<\/div>\n\t\t            <\/div>\n        <\/div>\n                <div class=\"elementor-column elementor-col-50 elementor-top-column elementor-element elementor-element-0466dc3\" data-id=\"0466dc3\" data-element_type=\"column\">\n            <div class=\"elementor-widget-wrap elementor-element-populated\">\n                        \t\t<div class=\"elementor-element elementor-element-759c492 elementor-widget elementor-widget-ct_image\" data-id=\"759c492\" data-element_type=\"widget\" data-widget_type=\"ct_image.default\">\n\t\t\t\t<div class=\"elementor-widget-container\">\n\t\t\t<div class=\"ct-image-single \" data-wow-duration=\"1.2s\" data-wow-delay=\"ms\">\r\n                        <img decoding=\"async\" width=\"688\" height=\"900\" src=\"https:\/\/dkt-rdc.org\/wp-content\/uploads\/2021\/06\/SCA.png\" class=\"attachment-full\" alt=\"\" \/>            <\/div>\t\t<\/div>\n\t\t\t\t<\/div>\n\t\t            <\/div>\n        <\/div>\n                            <\/div>\n        <\/section>\n                <section class=\"elementor-section elementor-top-section elementor-element elementor-element-0b634a7 elementor-section-stretched elementor-section-boxed elementor-section-height-default elementor-section-height-default\" data-id=\"0b634a7\" data-element_type=\"section\" data-settings=\"{&quot;stretch_section&quot;:&quot;section-stretched&quot;}\">\n            \n                        <div class=\"elementor-container elementor-column-gap-default \">\n                    <div class=\"elementor-column elementor-col-100 elementor-top-column elementor-element elementor-element-83f64cf\" data-id=\"83f64cf\" data-element_type=\"column\">\n            <div class=\"elementor-widget-wrap elementor-element-populated\">\n                        \t\t<div class=\"elementor-element elementor-element-81ae621 elementor-widget elementor-widget-ct_heading\" data-id=\"81ae621\" data-element_type=\"widget\" data-widget_type=\"ct_heading.default\">\n\t\t\t\t<div class=\"elementor-widget-container\">\n\t\t\t<div class=\"ct-heading ct-heading-dot h-align- \" data-wow-duration=\"1.2s\">\r\n\t\t\t<div class=\"item--sub-title style-default\">\r\n            <span>Accr\u00e9ditation<\/span>\r\n        <\/div>\r\n\t        <h4 class=\"item--title\">\r\n                    <i class=\"dot-shape\">\r\n                <i><\/i>\r\n                <i><\/i>\r\n                <i><\/i>\r\n                <i><\/i>\r\n                <i><\/i>\r\n                <i><\/i>\r\n            <\/i>\r\n                Notre certificat de conformit\u00e9    <\/h4>\r\n<\/div>\t\t<\/div>\n\t\t\t\t<\/div>\n\t\t\t\t<div class=\"elementor-element elementor-element-6c27d93 elementor-widget elementor-widget-ct_image\" data-id=\"6c27d93\" data-element_type=\"widget\" data-widget_type=\"ct_image.default\">\n\t\t\t\t<div class=\"elementor-widget-container\">\n\t\t\t<div class=\"ct-image-single \" data-wow-duration=\"1.2s\" data-wow-delay=\"ms\">\r\n                        <img decoding=\"async\" width=\"2338\" height=\"1654\" src=\"https:\/\/dkt-rdc.org\/wp-content\/uploads\/2021\/06\/Certificat.jpg\" class=\"attachment-full\" alt=\"\" \/>            <\/div>\t\t<\/div>\n\t\t\t\t<\/div>\n\t\t            <\/div>\n        <\/div>\n                            <\/div>\n        <\/section>\n        \t\t\t\t<\/div>\n\t\t\t\t\t<\/div>\n\t\t","protected":false},"excerpt":{"rendered":"<p>NOS PRESERVATIFS Le pr\u00e9servatif reste \u00e0 ce jour la seul m\u00e9thode qui vous prot\u00e8ge contre les IST et le VIH. DKT met \u00e0 votre disposition deux marques pr\u00e9servatifs: la marque&nbsp; OK CONDOMS avec ses variantes 6 couleurs 6 plaisirs qui vous offrent des saveurs et des parfums agr\u00e9ables pour \u00e9gayer vos \u00e9bats amoureux; et la [&hellip;]<\/p>\n","protected":false},"author":1,"featured_media":0,"parent":0,"menu_order":0,"comment_status":"closed","ping_status":"closed","template":"","meta":{"footnotes":""},"class_list":["post-3828","page","type-page","status-publish","hentry"],"_links":{"self":[{"href":"https:\/\/dkt-rdc.org\/index.php\/wp-json\/wp\/v2\/pages\/3828","targetHints":{"allow":["GET"]}}],"collection":[{"href":"https:\/\/dkt-rdc.org\/index.php\/wp-json\/wp\/v2\/pages"}],"about":[{"href":"https:\/\/dkt-rdc.org\/index.php\/wp-json\/wp\/v2\/types\/page"}],"author":[{"embeddable":true,"href":"https:\/\/dkt-rdc.org\/index.php\/wp-json\/wp\/v2\/users\/1"}],"replies":[{"embeddable":true,"href":"https:\/\/dkt-rdc.org\/index.php\/wp-json\/wp\/v2\/comments?post=3828"}],"version-history":[{"count":41,"href":"https:\/\/dkt-rdc.org\/index.php\/wp-json\/wp\/v2\/pages\/3828\/revisions"}],"predecessor-version":[{"id":5321,"href":"https:\/\/dkt-rdc.org\/index.php\/wp-json\/wp\/v2\/pages\/3828\/revisions\/5321"}],"wp:attachment":[{"href":"https:\/\/dkt-rdc.org\/index.php\/wp-json\/wp\/v2\/media?parent=3828"}],"curies":[{"name":"wp","href":"https:\/\/api.w.org\/{rel}","templated":true}]}}