{"id":3654,"date":"2021-06-01T13:32:56","date_gmt":"2021-06-01T12:32:56","guid":{"rendered":"http:\/\/test.dkt-rdc.org\/?page_id=3654"},"modified":"2021-08-05T10:32:14","modified_gmt":"2021-08-05T09:32:14","slug":"nos-programmes","status":"publish","type":"page","link":"https:\/\/dkt-rdc.org\/index.php\/nos-programmes\/","title":{"rendered":"Nos Programmes"},"content":{"rendered":"\t\t<div data-elementor-type=\"wp-page\" data-elementor-id=\"3654\" class=\"elementor elementor-3654\" data-elementor-settings=\"[]\">\n\t\t\t\t\t\t\t<div class=\"elementor-section-wrap\">\n\t\t\t\t\t        <section class=\"elementor-section elementor-top-section elementor-element elementor-element-474165a elementor-section-stretched elementor-section-boxed elementor-section-height-default elementor-section-height-default\" data-id=\"474165a\" data-element_type=\"section\" id=\"batela-lobi\" data-settings=\"{&quot;stretch_section&quot;:&quot;section-stretched&quot;}\">\n            \n                        <div class=\"elementor-container elementor-column-gap-default \">\n                    <div class=\"elementor-column elementor-col-50 elementor-top-column elementor-element elementor-element-802bb77\" data-id=\"802bb77\" data-element_type=\"column\">\n            <div class=\"elementor-widget-wrap elementor-element-populated\">\n                        \t\t<div class=\"elementor-element elementor-element-3f78808 elementor-widget elementor-widget-ct_heading\" data-id=\"3f78808\" data-element_type=\"widget\" data-widget_type=\"ct_heading.default\">\n\t\t\t\t<div class=\"elementor-widget-container\">\n\t\t\t<div class=\"ct-heading ct-heading-dot h-align- \" data-wow-duration=\"1.2s\">\r\n\t\t\t<div class=\"item--sub-title style-default\">\r\n            <span>BATELA LOBI NAYO<\/span>\r\n        <\/div>\r\n\t        <h4 class=\"item--title\">\r\n                    <i class=\"dot-shape\">\r\n                <i><\/i>\r\n                <i><\/i>\r\n                <i><\/i>\r\n                <i><\/i>\r\n                <i><\/i>\r\n                <i><\/i>\r\n            <\/i>\r\n                La jeunesse au centre de nos priorit\u00e9s    <\/h4>\r\n<\/div>\t\t<\/div>\n\t\t\t\t<\/div>\n\t\t\t\t<div class=\"elementor-element elementor-element-6616ef4 elementor-widget elementor-widget-text-editor\" data-id=\"6616ef4\" data-element_type=\"widget\" data-widget_type=\"text-editor.default\">\n\t\t\t\t<div class=\"elementor-widget-container\">\n\t\t\t\t\t\t\t\t<p>Plus qu\u2019une campagne, \u201c<strong>Batela Lobi Na Yo<\/strong>\u201d (Prot\u00e8ge ton Futur) est un mouvement visant \u00e0 repenser la contraception comme un outil de responsabilisation au sein de la communaut\u00e9. L\u2019objectif de ce programme lanc\u00e9 en Juillet 2016 est de faire comprendre aux jeunes-gens qu\u2019avoir un enfant non d\u00e9sir\u00e9 n\u2019est plus une fatalit\u00e9, m\u00eame en RDC ! \u201c<strong>Batela Lobi Na Yo<\/strong>\u201d, fer de lance de DKT RDC s\u2019adresse aux 15-25 ans dans un langage jeune au travers d\u2019activit\u00e9s qui les touchent et leur parlent. Ainsi, ce programme combinant les approches marketing social est pr\u00e9sent dans les quartiers populaires gr\u00e2ce \u00e0 ses jeunes ambassadeurs (form\u00e9s par DKT), ses participations aux discussions organis\u00e9es dans les \u00e9glises et les communaut\u00e9s de jeunes, et ses cliniques dont le personnel est sp\u00e9cialement form\u00e9 au dialogue avec les jeunes sur la contraception. Apr\u00e8s un essai pilote conduit avec succ\u00e8s \u00e0 Kinshasa, \u201c<strong>Batela Lobi Na Yo<\/strong>\u201d s\u2019\u00e9tend aujourd&#8217;hui dans 14 autres villes telles que Lubumbashi, Kisangani, Matadi, Boma, Kolwezi, Mbuji-mayi, Gemena Kikwit etc. et p\u00e9n\u00e8tre aussi dans les secteurs universitaires.<\/p><p><span lang=\"FR\">Avec le soutien de <strong><a href=\"https:\/\/www.gatesfoundation.org\/\" target=\"_blank\" rel=\"noopener\">Bill &amp; Melinda Gates Foundation<\/a>, <a href=\"https:\/\/fonaredd-rdc.org\/\" target=\"_blank\" rel=\"noopener\">FONAREDD<\/a>, <a href=\"https:\/\/www.gov.uk\/government\/organisations\/foreign-commonwealth-development-office\" target=\"_blank\" rel=\"noopener\">FCDO<\/a> &amp; <a href=\"https:\/\/www.sida.se\/en\" target=\"_blank\" rel=\"noopener\">SIDA<\/a><\/strong>.<\/span><\/p>\t\t\t\t\t\t<\/div>\n\t\t\t\t<\/div>\n\t\t            <\/div>\n        <\/div>\n                <div class=\"elementor-column elementor-col-50 elementor-top-column elementor-element elementor-element-fac3ee7\" data-id=\"fac3ee7\" data-element_type=\"column\">\n            <div class=\"elementor-widget-wrap elementor-element-populated\">\n                        \t\t<div class=\"elementor-element elementor-element-9259419 elementor-invisible elementor-widget elementor-widget-ct_image\" data-id=\"9259419\" data-element_type=\"widget\" data-settings=\"{&quot;_animation&quot;:&quot;fadeInRight&quot;}\" data-widget_type=\"ct_image.default\">\n\t\t\t\t<div class=\"elementor-widget-container\">\n\t\t\t<div class=\"ct-image-single \" data-wow-duration=\"1.2s\" data-wow-delay=\"ms\">\r\n                        <img decoding=\"async\" width=\"680\" height=\"711\" src=\"https:\/\/dkt-rdc.org\/wp-content\/uploads\/2021\/06\/5.png\" class=\"attachment-full\" alt=\"\" \/>            <\/div>\t\t<\/div>\n\t\t\t\t<\/div>\n\t\t            <\/div>\n        <\/div>\n                            <\/div>\n        <\/section>\n                <section class=\"elementor-section elementor-top-section elementor-element elementor-element-48cc7b4 elementor-section-stretched elementor-section-boxed elementor-section-height-default elementor-section-height-default\" data-id=\"48cc7b4\" data-element_type=\"section\" id=\"congo-river\" data-settings=\"{&quot;background_background&quot;:&quot;classic&quot;,&quot;stretch_section&quot;:&quot;section-stretched&quot;}\">\n            \n                        <div class=\"elementor-container elementor-column-gap-default \">\n                    <div class=\"elementor-column elementor-col-50 elementor-top-column elementor-element elementor-element-a8829f6\" data-id=\"a8829f6\" data-element_type=\"column\">\n            <div class=\"elementor-widget-wrap elementor-element-populated\">\n                        \t\t<div class=\"elementor-element elementor-element-368c2d0 elementor-invisible elementor-widget elementor-widget-ct_image\" data-id=\"368c2d0\" data-element_type=\"widget\" data-settings=\"{&quot;_animation&quot;:&quot;fadeInLeft&quot;}\" data-widget_type=\"ct_image.default\">\n\t\t\t\t<div class=\"elementor-widget-container\">\n\t\t\t<div class=\"ct-image-single \" data-wow-duration=\"1.2s\" data-wow-delay=\"ms\">\r\n                        <img decoding=\"async\" width=\"922\" height=\"708\" src=\"https:\/\/dkt-rdc.org\/wp-content\/uploads\/2021\/06\/6.png\" class=\"attachment-full\" alt=\"\" \/>            <\/div>\t\t<\/div>\n\t\t\t\t<\/div>\n\t\t            <\/div>\n        <\/div>\n                <div class=\"elementor-column elementor-col-50 elementor-top-column elementor-element elementor-element-566c156\" data-id=\"566c156\" data-element_type=\"column\">\n            <div class=\"elementor-widget-wrap elementor-element-populated\">\n                        \t\t<div class=\"elementor-element elementor-element-2c551d1 elementor-widget elementor-widget-ct_heading\" data-id=\"2c551d1\" data-element_type=\"widget\" data-widget_type=\"ct_heading.default\">\n\t\t\t\t<div class=\"elementor-widget-container\">\n\t\t\t<div class=\"ct-heading ct-heading-dot h-align- \" data-wow-duration=\"1.2s\">\r\n\t\t\t<div class=\"item--sub-title style-default\">\r\n            <span>CONGO RIVER<\/span>\r\n        <\/div>\r\n\t        <h4 class=\"item--title\">\r\n                    <i class=\"dot-shape\">\r\n                <i><\/i>\r\n                <i><\/i>\r\n                <i><\/i>\r\n                <i><\/i>\r\n                <i><\/i>\r\n                <i><\/i>\r\n            <\/i>\r\n                Formation et distribution aux populations vivant le long du fleuve     <\/h4>\r\n<\/div>\t\t<\/div>\n\t\t\t\t<\/div>\n\t\t\t\t<div class=\"elementor-element elementor-element-bbe33e5 elementor-widget elementor-widget-text-editor\" data-id=\"bbe33e5\" data-element_type=\"widget\" id=\"congo-river\" data-widget_type=\"text-editor.default\">\n\t\t\t\t<div class=\"elementor-widget-container\">\n\t\t\t\t\t\t\t\t<p>DKT a pour mission d&#8217;aller jusqu&#8217;au dernier kilom\u00e8tre \u00e0 la rencontre des femmes et des couples d\u00e9sireux d&#8217;obtenir des informations et des moyens sures et fiables pour l&#8217;espacement des naissances et la sant\u00e9 reproductive en g\u00e9n\u00e9ral.\u00a0 C&#8217;est dans cette optique que s&#8217;inscrit le projet\u00a0 <strong>&#8220;Congo River&#8221;<\/strong> ayant pour but d\u2019\u00e9tendre nos activit\u00e9s de marketing social, de sensibilisation et de planification familiale (formations et supervision des cliniques, prestation de services etc.). En effet, ce projet vise \u00e0 augmenter et faciliter l\u2019acc\u00e8s des m\u00e9thodes de contraception aux communaut\u00e9s d\u00e9favoris\u00e9es vivant le long du fleuve Congo, dans la partie sud de la Province de l\u2019\u00c9quateur et dans la partie nord de la province du Bandundu, zones difficilement accessibles, au moyen d\u2019un bateau ou de pirogues pouvant naviguer \u00e0 la fois sur le fleuve Congo et sur d\u2019autres rivi\u00e8res.<\/p><p><span lang=\"FR\">Avec le soutien de <strong><a href=\"https:\/\/www.gatesfoundation.org\/\" target=\"_blank\" rel=\"noopener\">Bill &amp; Melinda Gates Foundation<\/a>.<\/strong><\/span><\/p>\t\t\t\t\t\t<\/div>\n\t\t\t\t<\/div>\n\t\t            <\/div>\n        <\/div>\n                            <\/div>\n        <\/section>\n                <section class=\"elementor-section elementor-top-section elementor-element elementor-element-485522e elementor-section-stretched elementor-section-boxed elementor-section-height-default elementor-section-height-default\" data-id=\"485522e\" data-element_type=\"section\" id=\"yekola-batela\" data-settings=\"{&quot;stretch_section&quot;:&quot;section-stretched&quot;}\">\n            \n                        <div class=\"elementor-container elementor-column-gap-default \">\n                    <div class=\"elementor-column elementor-col-50 elementor-top-column elementor-element elementor-element-656b23d\" data-id=\"656b23d\" data-element_type=\"column\">\n            <div class=\"elementor-widget-wrap elementor-element-populated\">\n                        \t\t<div class=\"elementor-element elementor-element-242ae81 elementor-widget elementor-widget-ct_heading\" data-id=\"242ae81\" data-element_type=\"widget\" data-widget_type=\"ct_heading.default\">\n\t\t\t\t<div class=\"elementor-widget-container\">\n\t\t\t<div class=\"ct-heading ct-heading-dot h-align- \" data-wow-duration=\"1.2s\">\r\n\t\t\t<div class=\"item--sub-title style-default\">\r\n            <span>YEKOLA BATELA<\/span>\r\n        <\/div>\r\n\t        <h4 class=\"item--title\">\r\n                    <i class=\"dot-shape\">\r\n                <i><\/i>\r\n                <i><\/i>\r\n                <i><\/i>\r\n                <i><\/i>\r\n                <i><\/i>\r\n                <i><\/i>\r\n            <\/i>\r\n                Sensibilisation en milieu estudiantin     <\/h4>\r\n<\/div>\t\t<\/div>\n\t\t\t\t<\/div>\n\t\t\t\t<div class=\"elementor-element elementor-element-bc14d1f elementor-widget elementor-widget-text-editor\" data-id=\"bc14d1f\" data-element_type=\"widget\" data-widget_type=\"text-editor.default\">\n\t\t\t\t<div class=\"elementor-widget-container\">\n\t\t\t\t\t\t\t\t<p>Le programme campus <strong>&#8220;Yekola=Batela&#8221;<\/strong> (Apprendre= Se Prot\u00e9ger) est un d\u00e9riv\u00e9 du programme jeunesse <strong>&#8220;Batela Lobi Na Yo&#8221;<\/strong>. Ce programme a pour but de sensibiliser, promouvoir des comportements sexuels responsables et d\u2019appuyer la sant\u00e9 sexuelle et reproductive ainsi que la lutte contre le VIH\/SIDA dans les milieux universitaires de la RDC et ce, en y am\u00e9liorant l\u2019acc\u00e8s \u00e0 la contraception, \u00e0 l\u2019information et aux services de qualit\u00e9s. <strong>&#8220;Yekola Batela&#8221;<\/strong> a donc pour mission de normaliser la planification familiale et d\u2019encourager l&#8217;adoption de m\u00e9thodes contraceptives modernes, et l&#8217;acc\u00e8s aux soins post-avortement sur les campus universitaires en RDC \u00e0 travers la cr\u00e9ation d\u2019espaces accueillants dans lesquels les jeunes pourront s\u2019exprimer librement et se faire assister par des prestataires cliniques form\u00e9s.<\/p><p><span lang=\"FR\">Avec le soutien de <strong><a href=\"https:\/\/www.sida.se\/en\" target=\"_blank\" rel=\"noopener\">SIDA<\/a> &amp; <a href=\"https:\/\/www.packard.org\/\" target=\"_blank\" rel=\"noopener\">David and Lucile PACKARD Foundation<\/a>.<\/strong><\/span><\/p>\t\t\t\t\t\t<\/div>\n\t\t\t\t<\/div>\n\t\t            <\/div>\n        <\/div>\n                <div class=\"elementor-column elementor-col-50 elementor-top-column elementor-element elementor-element-e63f1cf\" data-id=\"e63f1cf\" data-element_type=\"column\">\n            <div class=\"elementor-widget-wrap elementor-element-populated\">\n                        \t\t<div class=\"elementor-element elementor-element-0542dab elementor-invisible elementor-widget elementor-widget-ct_image\" data-id=\"0542dab\" data-element_type=\"widget\" data-settings=\"{&quot;_animation&quot;:&quot;fadeInRight&quot;}\" data-widget_type=\"ct_image.default\">\n\t\t\t\t<div class=\"elementor-widget-container\">\n\t\t\t<div class=\"ct-image-single \" data-wow-duration=\"1.2s\" data-wow-delay=\"ms\">\r\n                        <img decoding=\"async\" width=\"935\" height=\"817\" src=\"https:\/\/dkt-rdc.org\/wp-content\/uploads\/2021\/06\/7.png\" class=\"attachment-full\" alt=\"\" \/>            <\/div>\t\t<\/div>\n\t\t\t\t<\/div>\n\t\t            <\/div>\n        <\/div>\n                            <\/div>\n        <\/section>\n                <section class=\"elementor-section elementor-top-section elementor-element elementor-element-e288e7e elementor-section-stretched elementor-section-boxed elementor-section-height-default elementor-section-height-default\" data-id=\"e288e7e\" data-element_type=\"section\" id=\"drugstore\" data-settings=\"{&quot;background_background&quot;:&quot;classic&quot;,&quot;stretch_section&quot;:&quot;section-stretched&quot;}\">\n            \n                        <div class=\"elementor-container elementor-column-gap-default \">\n                    <div class=\"elementor-column elementor-col-50 elementor-top-column elementor-element elementor-element-7c8c0ed\" data-id=\"7c8c0ed\" data-element_type=\"column\">\n            <div class=\"elementor-widget-wrap elementor-element-populated\">\n                        \t\t<div class=\"elementor-element elementor-element-554d679 elementor-invisible elementor-widget elementor-widget-ct_image\" data-id=\"554d679\" data-element_type=\"widget\" data-settings=\"{&quot;_animation&quot;:&quot;fadeInLeft&quot;}\" data-widget_type=\"ct_image.default\">\n\t\t\t\t<div class=\"elementor-widget-container\">\n\t\t\t<div class=\"ct-image-single \" data-wow-duration=\"1.2s\" data-wow-delay=\"ms\">\r\n                        <img decoding=\"async\" width=\"932\" height=\"825\" src=\"https:\/\/dkt-rdc.org\/wp-content\/uploads\/2021\/06\/8.png\" class=\"attachment-full\" alt=\"\" \/>            <\/div>\t\t<\/div>\n\t\t\t\t<\/div>\n\t\t            <\/div>\n        <\/div>\n                <div class=\"elementor-column elementor-col-50 elementor-top-column elementor-element elementor-element-3753d03\" data-id=\"3753d03\" data-element_type=\"column\">\n            <div class=\"elementor-widget-wrap elementor-element-populated\">\n                        \t\t<div class=\"elementor-element elementor-element-0a407ad elementor-widget elementor-widget-ct_heading\" data-id=\"0a407ad\" data-element_type=\"widget\" data-widget_type=\"ct_heading.default\">\n\t\t\t\t<div class=\"elementor-widget-container\">\n\t\t\t<div class=\"ct-heading ct-heading-dot h-align- \" data-wow-duration=\"1.2s\">\r\n\t\t\t<div class=\"item--sub-title style-default\">\r\n            <span>DRUGSTORE &amp; RETAIL MEDIA<\/span>\r\n        <\/div>\r\n\t        <h4 class=\"item--title\">\r\n                    <i class=\"dot-shape\">\r\n                <i><\/i>\r\n                <i><\/i>\r\n                <i><\/i>\r\n                <i><\/i>\r\n                <i><\/i>\r\n                <i><\/i>\r\n            <\/i>\r\n                Transformer les pharmacies en points de communication pour les jeunes    <\/h4>\r\n<\/div>\t\t<\/div>\n\t\t\t\t<\/div>\n\t\t\t\t<div class=\"elementor-element elementor-element-82a6337 elementor-widget elementor-widget-text-editor\" data-id=\"82a6337\" data-element_type=\"widget\" data-widget_type=\"text-editor.default\">\n\t\t\t\t<div class=\"elementor-widget-container\">\n\t\t\t\t\t\t\t\t<p>Le programme <strong>&#8220;Drugstore &amp; Retail Media&#8221;<\/strong> vise \u00e0 am\u00e9liorer les connaissances des pharmaciens ainsi que de leurs employ\u00e9s \u00e0 travers des formations de base en sant\u00e9 de la reproduction, en planifications familiales et des principes de merchandising et ce, dans le but de promouvoir un environnement s\u00fbr, s\u00e9curis\u00e9 et digne de confiance dans chacune de nos pharmacies partenaires. \u200b En RDC, les pharmacies sont les principaux endroits o\u00f9 les jeunes vont pour avoir acc\u00e8s \u00e0 la contraception. Cela permettra de normaliser le dialogue sur la contraception entre le personnel de la pharmacie et les jeunes adultes &#8211; une conversation actuellement consid\u00e9r\u00e9e comme tabou.<\/p><p><span lang=\"FR\">Avec le soutien de <strong><a href=\"https:\/\/www.gatesfoundation.org\/\" target=\"_blank\" rel=\"noopener\">Bill &amp; Melinda Gates Foundation<\/a> &amp; <a href=\"https:\/\/www.gov.uk\/government\/organisations\/foreign-commonwealth-development-office\" target=\"_blank\" rel=\"noopener\">FCDO<\/a>. <\/strong><\/span><\/p>\t\t\t\t\t\t<\/div>\n\t\t\t\t<\/div>\n\t\t            <\/div>\n        <\/div>\n                            <\/div>\n        <\/section>\n                <section class=\"elementor-section elementor-top-section elementor-element elementor-element-df2fa2d elementor-section-stretched elementor-section-boxed elementor-section-height-default elementor-section-height-default\" data-id=\"df2fa2d\" data-element_type=\"section\" id=\"bees\" data-settings=\"{&quot;stretch_section&quot;:&quot;section-stretched&quot;}\">\n            \n                        <div class=\"elementor-container elementor-column-gap-default \">\n                    <div class=\"elementor-column elementor-col-50 elementor-top-column elementor-element elementor-element-16aac5c\" data-id=\"16aac5c\" data-element_type=\"column\">\n            <div class=\"elementor-widget-wrap elementor-element-populated\">\n                        \t\t<div class=\"elementor-element elementor-element-8c1f4c8 elementor-widget elementor-widget-ct_heading\" data-id=\"8c1f4c8\" data-element_type=\"widget\" data-widget_type=\"ct_heading.default\">\n\t\t\t\t<div class=\"elementor-widget-container\">\n\t\t\t<div class=\"ct-heading ct-heading-dot h-align- \" data-wow-duration=\"1.2s\">\r\n\t\t\t<div class=\"item--sub-title style-default\">\r\n            <span>LES &quot;BEES&quot;<\/span>\r\n        <\/div>\r\n\t        <h4 class=\"item--title\">\r\n                    <i class=\"dot-shape\">\r\n                <i><\/i>\r\n                <i><\/i>\r\n                <i><\/i>\r\n                <i><\/i>\r\n                <i><\/i>\r\n                <i><\/i>\r\n            <\/i>\r\n                Infirmi\u00e8res itin\u00e9rantes    <\/h4>\r\n<\/div>\t\t<\/div>\n\t\t\t\t<\/div>\n\t\t\t\t<div class=\"elementor-element elementor-element-48e12ba elementor-widget elementor-widget-text-editor\" data-id=\"48e12ba\" data-element_type=\"widget\" data-widget_type=\"text-editor.default\">\n\t\t\t\t<div class=\"elementor-widget-container\">\n\t\t\t\t\t\t\t\t<p>DKT dispose d&#8217;un large r\u00e9seau de prestataires communautaires qui descendent sur terrain \u00e0 la rencontre de la communaut\u00e9s. Parmi eux, les &#8220;Bees&#8221; (abeilles) sont des infirmiers itin\u00e9rants form\u00e9s en Planification familiale et en sant\u00e9 sexuelle et reproductive ayant pour mission d\u2019atteindre les femmes et les jeunes filles se trouvant dans les milieux recul\u00e9s en RDC (et n\u2019ayant pas acc\u00e8s aux cliniques pour des raisons financi\u00e8res ou logistiques) par une approche de porte \u00e0 porte tout comme les abeilles volent de fleur en fleur. Ces infirmiers travaillent de mani\u00e8re ind\u00e9pendante et sont habilit\u00e9s \u00e0:<\/p><ul><li>Fournir des conseils sur les avantages et l&#8217;utilisation des m\u00e9thodes contraceptives modernes;<\/li><li>Sensibiliser lors des consultations pr\u00e9natales et pr\u00e9scolaires;<\/li><li>Vendre des pilules contraceptives <em>Aleze<\/em> (orales combin\u00e9es et\/ou d&#8217;urgence) ainsi que des pr\u00e9servatifs <em>OK Condoms<\/em> et\/ou <em>CHIC Condom<\/em>s;<\/li><li>Administrer les injections contraceptives sur choix et demande d&#8217;une cliente;<\/li><li>Ins\u00e9rer les implants contraceptifs <em>Implanon NXT<\/em> sur choix et demande d&#8217;une cliente;<\/li><li>Orienter les clientes vers une clinique form\u00e9e par DKT dans le cas o\u00f9 elles d\u00e9siraient une autre m\u00e9thode \u00e0 longue dur\u00e9e.<\/li><\/ul><p><span lang=\"FR\">Avec le soutien de <strong><a href=\"https:\/\/www.sida.se\/en\" target=\"_blank\" rel=\"noopener\">SIDA<\/a> <\/strong>(dans le Kivu), <strong><a href=\"https:\/\/ciff.org\/\" target=\"_blank\" rel=\"noopener\">CIFF<\/a><\/strong> et <strong><a href=\"https:\/\/www.gatesfoundation.org\/\" target=\"_blank\" rel=\"noopener\">Bill &amp; Melinda Gates Foundation<\/a>.<\/strong><\/span><\/p>\t\t\t\t\t\t<\/div>\n\t\t\t\t<\/div>\n\t\t            <\/div>\n        <\/div>\n                <div class=\"elementor-column elementor-col-50 elementor-top-column elementor-element elementor-element-ed9bd05\" data-id=\"ed9bd05\" data-element_type=\"column\">\n            <div class=\"elementor-widget-wrap elementor-element-populated\">\n                        \t\t<div class=\"elementor-element elementor-element-571cb5e elementor-invisible elementor-widget elementor-widget-ct_image\" data-id=\"571cb5e\" data-element_type=\"widget\" id=\"bees\" data-settings=\"{&quot;_animation&quot;:&quot;fadeInRight&quot;}\" data-widget_type=\"ct_image.default\">\n\t\t\t\t<div class=\"elementor-widget-container\">\n\t\t\t<div class=\"ct-image-single \" data-wow-duration=\"1.2s\" data-wow-delay=\"ms\">\r\n                        <img decoding=\"async\" width=\"737\" height=\"1024\" src=\"https:\/\/dkt-rdc.org\/wp-content\/uploads\/2021\/06\/bee_pic-737x1024-1.jpg\" class=\"attachment-full\" alt=\"\" \/>            <\/div>\t\t<\/div>\n\t\t\t\t<\/div>\n\t\t            <\/div>\n        <\/div>\n                            <\/div>\n        <\/section>\n        \t\t\t\t<\/div>\n\t\t\t\t\t<\/div>\n\t\t","protected":false},"excerpt":{"rendered":"<p>BATELA LOBI NAYO La jeunesse au centre de nos priorit\u00e9s Plus qu\u2019une campagne, \u201cBatela Lobi Na Yo\u201d (Prot\u00e8ge ton Futur) est un mouvement visant \u00e0 repenser la contraception comme un outil de responsabilisation au sein de la communaut\u00e9. L\u2019objectif de ce programme lanc\u00e9 en Juillet 2016 est de faire comprendre aux jeunes-gens qu\u2019avoir un enfant [&hellip;]<\/p>\n","protected":false},"author":1,"featured_media":0,"parent":0,"menu_order":0,"comment_status":"closed","ping_status":"closed","template":"","meta":{"footnotes":""},"class_list":["post-3654","page","type-page","status-publish","hentry"],"_links":{"self":[{"href":"https:\/\/dkt-rdc.org\/index.php\/wp-json\/wp\/v2\/pages\/3654","targetHints":{"allow":["GET"]}}],"collection":[{"href":"https:\/\/dkt-rdc.org\/index.php\/wp-json\/wp\/v2\/pages"}],"about":[{"href":"https:\/\/dkt-rdc.org\/index.php\/wp-json\/wp\/v2\/types\/page"}],"author":[{"embeddable":true,"href":"https:\/\/dkt-rdc.org\/index.php\/wp-json\/wp\/v2\/users\/1"}],"replies":[{"embeddable":true,"href":"https:\/\/dkt-rdc.org\/index.php\/wp-json\/wp\/v2\/comments?post=3654"}],"version-history":[{"count":41,"href":"https:\/\/dkt-rdc.org\/index.php\/wp-json\/wp\/v2\/pages\/3654\/revisions"}],"predecessor-version":[{"id":5325,"href":"https:\/\/dkt-rdc.org\/index.php\/wp-json\/wp\/v2\/pages\/3654\/revisions\/5325"}],"wp:attachment":[{"href":"https:\/\/dkt-rdc.org\/index.php\/wp-json\/wp\/v2\/media?parent=3654"}],"curies":[{"name":"wp","href":"https:\/\/api.w.org\/{rel}","templated":true}]}}